9.
169
What is the highest common factor of 220 and 487660910?
110
Calculate the highest common divisor of 1005264638 and 238.
238
Calculate the greatest common divisor of 66 and 3518514.
6
Calculate the greatest common factor of 22594 and 1598091.
869
What is the greatest common divisor of 1646085442 and 142?
142
What is the highest common divisor of 10809 and 238172712?
3603
What is the highest common divisor of 59837399 and 1258?
629
What is the greatest common divisor of 15830 and 261895?
5
Calculate the highest common divisor of 49007788 and 3426.
1142
Calculate the greatest common factor of 150 and 10892340.
30
What is the greatest common divisor of 20055 and 3728511?
573
Calculate the highest common divisor of 253892055 and 2415.
345
Calculate the highest common factor of 431628 and 130212.
12
Calculate the highest common divisor of 35 and 20241382.
7
Calculate the highest common divisor of 3257375 and 9200.
575
Calculate the highest common divisor of 320944 and 728.
104
Calculate the greatest common divisor of 210 and 961485.
105
What is the greatest common factor of 1126544 and 905?
181
What is the highest common divisor of 5278548 and 528?
132
Calculate the greatest common divisor of 42 and 168406077.
21
What is the highest common factor of 625371 and 1?
1
What is the highest common divisor of 70942 and 241562?
898
Calculate the greatest common factor of 54710556 and 1428.
204
Calculate the highest common factor of 1700 and 274319225.
425
What is the greatest common divisor of 12 and 18282532?
4
Calculate the greatest common divisor of 24698 and 6314102.
106
What is the greatest common divisor of 231938 and 1323?
7
Calculate the highest common divisor of 372381 and 3330301.
2641
Calculate the highest common divisor of 33311178 and 90.
18
What is the highest common factor of 50303799 and 169?
13
What is the highest common divisor of 639249053 and 38?
19
What is the highest common divisor of 31863 and 233188527?
1677
What is the highest common divisor of 16 and 2628736?
16
Calculate the highest common factor of 76426540 and 20.
20
What is the greatest common divisor of 78273 and 8100?
27
Calculate the greatest common divisor of 288926456 and 12.
4
What is the greatest common factor of 94 and 18574118?
94
Calculate the greatest common factor of 8118129 and 12.
3
Calculate the greatest common divisor of 18673 and 449572.
71
What is the highest common factor of 73071 and 23617818?
3177
Calculate the highest common factor of 3395 and 29615264.
679
What is the highest common factor of 2025 and 9500175?
225
What is the highest common divisor of 2975 and 119003825?
425
Calculate the highest common factor of 99 and 407558668.
11
What is the greatest common factor of 427 and 107569291?
61
What is the greatest common divisor of 16722741 and 1974?
987
Calculate the greatest common divisor of 18553519 and 703.
19
Calculate the highest common divisor of 22095 and 150319650.
7365
What is the greatest common factor of 325680 and 5610?
30
Calculate the highest common factor of 959 and 300739523.
959
Calculate the highest common factor of 359 and 45149635.
359
Calculate the greatest common divisor of 31983 and 9639.
21
Calculate the greatest common factor of 11727 and 76164259.
1303
What is the greatest common divisor of 7133075 and 20425?
475
Calculate the highest common divisor of 109980 and 177060.
780
Calculate the highest common factor of 31283 and 18386011.
763
Calculate the highest common divisor of 28 and 3929355332.
28
What is the highest common factor of 39 and 279015477?
39
Calculate the highest common divisor of 566 and 124186626.
566
What is the greatest common divisor of 30908896 and 95?
19
What is the greatest common divisor of 1770561 and 82251?
4329
What is the greatest common divisor of 17419654 and 56?
14
What is the greatest common factor of 42136 and 58834?
46
Calculate the greatest common divisor of 3 and 14836119.
3
Calculate the highest common divisor of 107377893 and 133951.
4619
What is the greatest common divisor of 2522184 and 424?
8
Calculate the greatest common divisor of 33 and 47201275.
11
Calculate the greatest common factor of 42801 and 17030907.
3891
Calculate the greatest common divisor of 242289 and 1611.
9
What is the greatest common divisor of 7269389 and 166?
83
What is the highest common factor of 178048 and 7753434?
2782
What is the greatest common divisor of 8920 and 219088580?
4460
What is the highest common factor of 139775976 and 8?
8
What is the greatest common factor of 65 and 41647203?
13
Calculate the highest common factor of 340 and 363380.
20
Calculate the greatest common factor of 62 and 94395.
31
What is the greatest common factor of 755 and 278509081?
151
Calculate the greatest common divisor of 654559 and 87.
29
What is the greatest common factor of 167359 and 53824?
841
What is the greatest common factor of 3018 and 15882?
6
What is the greatest common divisor of 845417 and 15394?
179
Calculate the greatest common divisor of 17132112 and 80.
16
Calculate the highest common factor of 4999356 and 12312.
684
Calculate the highest common divisor of 238682 and 15458.
262
What is the highest common divisor of 14414656 and 8?
8
What is the highest common factor of 81400 and 11552200?
2200
What is the highest common divisor of 192 and 102758448?
48
What is the greatest common factor of 330 and 2664210?
30
What is the greatest common factor of 4998 and 436051938?
714
What is the greatest common divisor of 184 and 398314?
46
What is the highest common divisor of 3640 and 36683400?
520
Calculate the highest common divisor of 270296839 and 129.
43
Calculate the highest common factor of 3808 and 601220368.
1904
Calculate the highest common divisor of 7322 and 5735218.
1046
Calculate the greatest common factor of 1008742 and 64736.
14
Calculate the highest common factor of 498007 and 64411.
1571
What is the highest common factor of 158948 and 351094?
1006
What is the highest common factor of 615874 and 602?
14
What is the highest common divisor of 4399506840 and 395?
395
Calculate the highest common factor of 21309036 and 1452.
12
Calculate the highest common divisor of 506 and 1112234.
46
Calculate the highest common factor of 52 and 101532314.
26
What is the greatest common factor of 33334 and 12852?
14
What is the highest common factor of 26815 and 346?
173
What is the greatest common divisor of 120022 and 31?
1
Calculate the highest common factor of 603629 and 29913.
767
What is the greatest common divisor of 228 and 5001883?
19
What is the highest common divisor of 1368 and 58169?
1
Calculate the greatest common divisor of 144 and 53265072.
48
What is the greatest common divisor of 8314 and 218?
2
Calculate the highest common divisor of 19000 and 601920.
760
What is the highest common divisor of 422 and 3482383246?
422
Calculate the greatest common factor of 266 and 4453144.
38
What is the highest common divisor of 19644 and 53524989?
4911
Calculate the highest common factor of 4408111 and 46.
23
What is the greatest common divisor of 356 and 1379589?
89
Calculate the highest common factor of 349094 and 322.
46
What is the greatest common factor of 113554184 and 190?
38
Calculate the highest common factor of 1731816 and 2952.
72
Calculate the greatest common factor of 143846 and 8612526.
2026
Calculate the greatest common divisor of 1585956 and 22648.
596
What is the highest common divisor of 1870 and 751230?
170
Calculate the greatest common divisor of 2419 and 85444.
41
What is the greatest common divisor of 3058901 and 370?
37
Calculate the highest common factor of 241 and 136755209.
241
Calculate the highest common factor of 186612 and 60.
12
Calculate the highest common factor of 1178 and 522576.
38
Calculate the highest common factor of 20203 and 7291948.
89
What is the greatest common factor of 17346 and 412174?
826
What is the greatest common factor of 17799764 and 478?
478
What is the highest common factor of 12415 and 66261?
13
Calculate the greatest common divisor of 10 and 45551760.
10
What is the highest common divisor of 32403375 and 2025?
675
Calculate the greatest common divisor of 31365 and 182835.
765
Calculate the highest common divisor of 168163 and 595307.
499
Calculate the highe